{"id":17822,"date":"2026-01-28T11:11:34","date_gmt":"2026-01-28T11:11:34","guid":{"rendered":"https:\/\/mentara.eu\/?post_type=product&#038;p=17822"},"modified":"2026-03-04T13:52:38","modified_gmt":"2026-03-04T13:52:38","slug":"introducao-a-psicossomatica-e-epigenetica","status":"publish","type":"product","link":"https:\/\/mentara.eu\/es\/formacao\/introducao-a-psicossomatica-e-epigenetica\/","title":{"rendered":"Introducci\u00f3n a la psicosom\u00e1tica y la epigen\u00e9tica"},"content":{"rendered":"<p>La psicosom\u00e1tica y la epigen\u00e9tica ofrecen una nueva forma de entender la enfermedad humana, integrando el cuerpo, la emoci\u00f3n, la historia de vida y la biolog\u00eda.<br \/>\nEn este seminario web introductorio, aprender\u00e1 los fundamentos de estos enfoques y comprender\u00e1 c\u00f3mo los factores emocionales, relacionales y ambientales influyen en la expresi\u00f3n de los s\u00edntomas f\u00edsicos.<\/p>\n<p>Una sesi\u00f3n dise\u00f1ada para profesionales y estudiantes en los campos de la salud y el desarrollo humano que buscan una perspectiva m\u00e1s integradora, cient\u00edfica y humanizada del cuidado.<\/p>\n<p>La clase abierta estar\u00e1 dirigida por Mar\u00eda del Mar y se centrar\u00e1 en la aplicaci\u00f3n cl\u00ednica y la conexi\u00f3n entre la ciencia, la emoci\u00f3n y la pr\u00e1ctica terap\u00e9utica.<\/p>\n<h3>\u2714\ufe0f Incluye Certificado de Participaci\u00f3n<br \/>\n\u2714\ufe0f Cuenta para horas de supervisi\u00f3n cl\u00ednica<\/h3>","protected":false},"excerpt":{"rendered":"<p>A Psicossom\u00e1tica e a Epigen\u00e9tica oferecem uma nova forma de compreender o adoecer humano, integrando corpo, emo\u00e7\u00e3o, hist\u00f3ria de vida e biologia. Neste webinar introdut\u00f3rio, vais conhecer os fundamentos destas abordagens e perceber como fatores emocionais, relacionais e ambientais influenciam a express\u00e3o dos sintomas f\u00edsicos. Uma sess\u00e3o pensada para profissionais e estudantes da \u00e1rea da [&hellip;]<\/p>\n","protected":false},"featured_media":16159,"comment_status":"open","ping_status":"closed","template":"","meta":{"_acf_changed":false},"product_brand":[],"product_cat":[187,80],"product_tag":[],"class_list":{"0":"post-17822","1":"product","2":"type-product","3":"status-publish","4":"has-post-thumbnail","6":"product_cat-ccd-cursos-de-curta-duracao","7":"product_cat-formacoes","9":"first","10":"instock","11":"shipping-taxable","12":"product-type-simple"},"acf":[],"_links":{"self":[{"href":"https:\/\/mentara.eu\/es\/wp-json\/wp\/v2\/product\/17822","targetHints":{"allow":["GET"]}}],"collection":[{"href":"https:\/\/mentara.eu\/es\/wp-json\/wp\/v2\/product"}],"about":[{"href":"https:\/\/mentara.eu\/es\/wp-json\/wp\/v2\/types\/product"}],"replies":[{"embeddable":true,"href":"https:\/\/mentara.eu\/es\/wp-json\/wp\/v2\/comments?post=17822"}],"version-history":[{"count":0,"href":"https:\/\/mentara.eu\/es\/wp-json\/wp\/v2\/product\/17822\/revisions"}],"wp:featuredmedia":[{"embeddable":true,"href":"https:\/\/mentara.eu\/es\/wp-json\/wp\/v2\/media\/16159"}],"wp:attachment":[{"href":"https:\/\/mentara.eu\/es\/wp-json\/wp\/v2\/media?parent=17822"}],"wp:term":[{"taxonomy":"product_brand","embeddable":true,"href":"https:\/\/mentara.eu\/es\/wp-json\/wp\/v2\/product_brand?post=17822"},{"taxonomy":"product_cat","embeddable":true,"href":"https:\/\/mentara.eu\/es\/wp-json\/wp\/v2\/product_cat?post=17822"},{"taxonomy":"product_tag","embeddable":true,"href":"https:\/\/mentara.eu\/es\/wp-json\/wp\/v2\/product_tag?post=17822"}],"curies":[{"name":"gracias","href":"https:\/\/api.w.org\/{rel}","templated":true}]}}

Introducción a la psicosomática y la epigenética

<p>La psicosomática y la epigenética ofrecen una nueva forma de entender la enfermedad humana, integrando el cuerpo, la emoción, la historia de vida y la biología.<br />
En este seminario web introductorio, aprenderá los fundamentos de estos enfoques y comprenderá cómo los factores emocionales, relacionales y ambientales influyen en la expresión de los síntomas físicos.</p>
<p>Una sesión diseñada para profesionales y estudiantes en los campos de la salud y el desarrollo humano que buscan una perspectiva más integradora, científica y humanizada del cuidado.</p>
<p>La clase abierta estará dirigida por María del Mar y se centrará en la aplicación clínica y la conexión entre la ciencia, la emoción y la práctica terapéutica.</p>
<h3>✔️ Incluye Certificado de Participación<br />
✔️ Cuenta para horas de supervisión clínica</h3>

<p>A Psicossomática e a Epigenética oferecem uma nova forma de compreender o adoecer humano, integrando corpo, emoção, história de vida e biologia. Neste webinar introdutório, vais conhecer os fundamentos destas abordagens e perceber como fatores emocionais, relacionais e ambientais influenciam a expressão dos sintomas físicos. Uma sessão pensada para profissionais e estudantes da área da [&hellip;]</p>
