{"id":18149,"date":"2026-01-29T13:46:53","date_gmt":"2026-01-29T13:46:53","guid":{"rendered":"https:\/\/mentara.eu\/?post_type=product&#038;p=18149"},"modified":"2026-04-01T13:52:30","modified_gmt":"2026-04-01T13:52:30","slug":"dupla-especializacao-em-psicoterapia-integrativa-e-somato-sensorial","status":"publish","type":"product","link":"https:\/\/mentara.eu\/es\/formacao\/dupla-especializacao-em-psicoterapia-integrativa-e-somato-sensorial\/","title":{"rendered":"Doble Especializaci\u00f3n en Psicoterapia Integrativa y Somatosensorial"},"content":{"rendered":"<p>La Doble Especializaci\u00f3n en Psicoterapia Somato-Sensorial Integrativa nace de una s\u00f3lida colaboraci\u00f3n internacional entre Mentara (Portugal) y el Centro Besai (Barcelona), construida sobre una profunda afinidad de visi\u00f3n, pr\u00e1ctica cl\u00ednica y valores humanos.<\/p>\n<p>Este excelente programa de formaci\u00f3n integra la psicoterapia integrativa contempor\u00e1nea con un enfoque som\u00e1tico profundo, centrado en el cuerpo, la experiencia, la relaci\u00f3n terap\u00e9utica y la presencia consciente.<\/p>\n<p>M\u00e1s que una formaci\u00f3n, es un camino compartido para quienes desean cuidar, transformar y profundizar sus conocimientos \u2013personal y profesionalmente\u2013 a trav\u00e9s de una trayectoria cl\u00ednica s\u00f3lida, \u00e9tica y humanizada, con certificaci\u00f3n conjunta y un cuerpo docente internacional.<\/p>\n<p><strong>Acercarse<\/strong><\/p>\n<p class=\"p1\">Esta especializaci\u00f3n es m\u00e1s que un curso: es una <span class=\"s1\"><b>profunda experiencia formativa<\/b><\/span>.<\/p>\n<ul>\n<li>\n<p class=\"p1\"><b>Hol\u00edstico<\/b><b><\/b><\/p>\n<p class=\"p2\">Cuerpo, mente, emoci\u00f3n, conexi\u00f3n, alma y consciencia integrados en una \u00fanica visi\u00f3n del ser humano.<\/p>\n<\/li>\n<li>\n<p class=\"p1\"><b>Experimental<\/b><b><\/b><\/p>\n<p class=\"p2\">Pr\u00e1cticas corporales, procesos experienciales, supervisi\u00f3n cl\u00ednica y seguimiento cercano.<\/p>\n<\/li>\n<li>\n<p class=\"p1\"><b>Cl\u00ednica<\/b><b><\/b><\/p>\n<p class=\"p2\">Basado en la ciencia, la relaci\u00f3n terap\u00e9utica y la experiencia vivida en el cuerpo.<\/p>\n<\/li>\n<li>\n<p class=\"p1\"><b>Transformador<\/b><b><\/b><\/p>\n<p class=\"p2\">Una invitaci\u00f3n a la escucha profunda, a la conexi\u00f3n a tierra, a la autenticidad y a la presencia consciente del terapeuta.<\/p>\n<\/li>\n<\/ul>","protected":false},"excerpt":{"rendered":"<p>A Dupla Especializa\u00e7\u00e3o em Psicoterapia Integrativa Somato-Sensorial nasce de uma parceria s\u00f3lida e internacional entre a Mentara (Portugal) e o Centro Besai (Barcelona), constru\u00edda a partir de uma profunda afinidade de vis\u00e3o, pr\u00e1tica cl\u00ednica e valores humanos. Este programa formativo de excel\u00eancia integra a psicoterapia integrativa contempor\u00e2nea com uma abordagem som\u00e1tica profunda, centrada no corpo, [&hellip;]<\/p>\n","protected":false},"featured_media":18172,"comment_status":"open","ping_status":"closed","template":"","meta":{"_acf_changed":false},"product_brand":[],"product_cat":[186,80],"product_tag":[],"class_list":{"0":"post-18149","1":"product","2":"type-product","3":"status-publish","4":"has-post-thumbnail","6":"product_cat-cld-curso-de-longa-duracao","7":"product_cat-formacoes","9":"first","10":"instock","11":"shipping-taxable","12":"product-type-external"},"acf":[],"_links":{"self":[{"href":"https:\/\/mentara.eu\/es\/wp-json\/wp\/v2\/product\/18149","targetHints":{"allow":["GET"]}}],"collection":[{"href":"https:\/\/mentara.eu\/es\/wp-json\/wp\/v2\/product"}],"about":[{"href":"https:\/\/mentara.eu\/es\/wp-json\/wp\/v2\/types\/product"}],"replies":[{"embeddable":true,"href":"https:\/\/mentara.eu\/es\/wp-json\/wp\/v2\/comments?post=18149"}],"version-history":[{"count":0,"href":"https:\/\/mentara.eu\/es\/wp-json\/wp\/v2\/product\/18149\/revisions"}],"wp:featuredmedia":[{"embeddable":true,"href":"https:\/\/mentara.eu\/es\/wp-json\/wp\/v2\/media\/18172"}],"wp:attachment":[{"href":"https:\/\/mentara.eu\/es\/wp-json\/wp\/v2\/media?parent=18149"}],"wp:term":[{"taxonomy":"product_brand","embeddable":true,"href":"https:\/\/mentara.eu\/es\/wp-json\/wp\/v2\/product_brand?post=18149"},{"taxonomy":"product_cat","embeddable":true,"href":"https:\/\/mentara.eu\/es\/wp-json\/wp\/v2\/product_cat?post=18149"},{"taxonomy":"product_tag","embeddable":true,"href":"https:\/\/mentara.eu\/es\/wp-json\/wp\/v2\/product_tag?post=18149"}],"curies":[{"name":"gracias","href":"https:\/\/api.w.org\/{rel}","templated":true}]}}

Doble Especialización en Psicoterapia Integrativa y Somatosensorial

<p>La Doble Especialización en Psicoterapia Somato-Sensorial Integrativa nace de una sólida colaboración internacional entre Mentara (Portugal) y el Centro Besai (Barcelona), construida sobre una profunda afinidad de visión, práctica clínica y valores humanos.</p>
<p>Este excelente programa de formación integra la psicoterapia integrativa contemporánea con un enfoque somático profundo, centrado en el cuerpo, la experiencia, la relación terapéutica y la presencia consciente.</p>
<p>Más que una formación, es un camino compartido para quienes desean cuidar, transformar y profundizar sus conocimientos –personal y profesionalmente– a través de una trayectoria clínica sólida, ética y humanizada, con certificación conjunta y un cuerpo docente internacional.</p>
<p><strong>Acercarse</strong></p>
<p class="p1">Esta especialización es más que un curso: es una <span class="s1"><b>profunda experiencia formativa</b></span>.</p>
<ul>
<li>
<p class="p1"><b>Holístico</b><b></b></p>
<p class="p2">Cuerpo, mente, emoción, conexión, alma y consciencia integrados en una única visión del ser humano.</p>
</li>
<li>
<p class="p1"><b>Experimental</b><b></b></p>
<p class="p2">Prácticas corporales, procesos experienciales, supervisión clínica y seguimiento cercano.</p>
</li>
<li>
<p class="p1"><b>Clínica</b><b></b></p>
<p class="p2">Basado en la ciencia, la relación terapéutica y la experiencia vivida en el cuerpo.</p>
</li>
<li>
<p class="p1"><b>Transformador</b><b></b></p>
<p class="p2">Una invitación a la escucha profunda, a la conexión a tierra, a la autenticidad y a la presencia consciente del terapeuta.</p>
</li>
</ul>

<p>A Dupla Especialização em Psicoterapia Integrativa Somato-Sensorial nasce de uma parceria sólida e internacional entre a Mentara (Portugal) e o Centro Besai (Barcelona), construída a partir de uma profunda afinidade de visão, prática clínica e valores humanos. Este programa formativo de excelência integra a psicoterapia integrativa contemporânea com uma abordagem somática profunda, centrada no corpo, [&hellip;]</p>
