{"id":18178,"date":"2026-01-29T14:16:36","date_gmt":"2026-01-29T14:16:36","guid":{"rendered":"https:\/\/mentara.eu\/?post_type=product&#038;p=18178"},"modified":"2026-04-29T15:11:29","modified_gmt":"2026-04-29T15:11:29","slug":"como-trabalhar-as-6-estruturas-de-carater","status":"publish","type":"product","link":"https:\/\/mentara.eu\/es\/formacao\/como-trabalhar-as-6-estruturas-de-carater\/","title":{"rendered":"C\u00f3mo trabajar con las 6 estructuras de caracteres"},"content":{"rendered":"<p>El minicurso \u201cC\u00f3mo trabajar con las 6 estructuras de car\u00e1cter\u201d ofrece una introducci\u00f3n s\u00f3lida y pr\u00e1ctica para comprender las estructuras de car\u00e1cter desde una perspectiva de la psicolog\u00eda corporal, integrando patrones corporales, emocionales y de comportamiento.<\/p>\n<p>A lo largo de esta capacitaci\u00f3n, se invitar\u00e1 a los participantes a mirar a los seres humanos m\u00e1s all\u00e1 del discurso verbal, desarrollando la capacidad de reconocer c\u00f3mo la historia emocional se expresa en el cuerpo, la postura, el movimiento y las defensas emocionales.<\/p>\n<p>Este curso propone un enfoque terap\u00e9utico consciente y fundamentado, esencial para profesionales que deseen profundizar su comprensi\u00f3n del lenguaje corporal y los patrones relacionales y emocionales que influyen en el proceso terap\u00e9utico.<\/p>","protected":false},"excerpt":{"rendered":"<p>O mini-curso Como Trabalhar as 6 Estruturas de Car\u00e1ter oferece uma introdu\u00e7\u00e3o s\u00f3lida e pr\u00e1tica \u00e0 compreens\u00e3o das estruturas de car\u00e1ter a partir da psicologia corporal, integrando corpo, emo\u00e7\u00e3o e padr\u00f5es de comportamento. Ao longo desta forma\u00e7\u00e3o, o participante ser\u00e1 convidado a olhar o ser humano para al\u00e9m do discurso verbal, desenvolvendo a capacidade de [&hellip;]<\/p>\n","protected":false},"featured_media":18182,"comment_status":"open","ping_status":"closed","template":"","meta":{"_acf_changed":false},"product_brand":[],"product_cat":[187,80],"product_tag":[],"class_list":{"0":"post-18178","1":"product","2":"type-product","3":"status-publish","4":"has-post-thumbnail","6":"product_cat-ccd-cursos-de-curta-duracao","7":"product_cat-formacoes","9":"first","10":"instock","11":"shipping-taxable","12":"product-type-simple"},"acf":[],"_links":{"self":[{"href":"https:\/\/mentara.eu\/es\/wp-json\/wp\/v2\/product\/18178","targetHints":{"allow":["GET"]}}],"collection":[{"href":"https:\/\/mentara.eu\/es\/wp-json\/wp\/v2\/product"}],"about":[{"href":"https:\/\/mentara.eu\/es\/wp-json\/wp\/v2\/types\/product"}],"replies":[{"embeddable":true,"href":"https:\/\/mentara.eu\/es\/wp-json\/wp\/v2\/comments?post=18178"}],"version-history":[{"count":0,"href":"https:\/\/mentara.eu\/es\/wp-json\/wp\/v2\/product\/18178\/revisions"}],"wp:featuredmedia":[{"embeddable":true,"href":"https:\/\/mentara.eu\/es\/wp-json\/wp\/v2\/media\/18182"}],"wp:attachment":[{"href":"https:\/\/mentara.eu\/es\/wp-json\/wp\/v2\/media?parent=18178"}],"wp:term":[{"taxonomy":"product_brand","embeddable":true,"href":"https:\/\/mentara.eu\/es\/wp-json\/wp\/v2\/product_brand?post=18178"},{"taxonomy":"product_cat","embeddable":true,"href":"https:\/\/mentara.eu\/es\/wp-json\/wp\/v2\/product_cat?post=18178"},{"taxonomy":"product_tag","embeddable":true,"href":"https:\/\/mentara.eu\/es\/wp-json\/wp\/v2\/product_tag?post=18178"}],"curies":[{"name":"gracias","href":"https:\/\/api.w.org\/{rel}","templated":true}]}}

Cómo trabajar con las 6 estructuras de caracteres

<p>El minicurso “Cómo trabajar con las 6 estructuras de carácter” ofrece una introducción sólida y práctica para comprender las estructuras de carácter desde una perspectiva de la psicología corporal, integrando patrones corporales, emocionales y de comportamiento.</p>
<p>A lo largo de esta capacitación, se invitará a los participantes a mirar a los seres humanos más allá del discurso verbal, desarrollando la capacidad de reconocer cómo la historia emocional se expresa en el cuerpo, la postura, el movimiento y las defensas emocionales.</p>
<p>Este curso propone un enfoque terapéutico consciente y fundamentado, esencial para profesionales que deseen profundizar su comprensión del lenguaje corporal y los patrones relacionales y emocionales que influyen en el proceso terapéutico.</p>

<p>O mini-curso Como Trabalhar as 6 Estruturas de Caráter oferece uma introdução sólida e prática à compreensão das estruturas de caráter a partir da psicologia corporal, integrando corpo, emoção e padrões de comportamento. Ao longo desta formação, o participante será convidado a olhar o ser humano para além do discurso verbal, desenvolvendo a capacidade de [&hellip;]</p>
