{"id":18557,"date":"2026-03-10T16:32:58","date_gmt":"2026-03-10T16:32:58","guid":{"rendered":"https:\/\/mentara.eu\/?post_type=product&#038;p=18557"},"modified":"2026-04-22T14:08:06","modified_gmt":"2026-04-22T14:08:06","slug":"regulacao-emocional-trabalhar-a-ansiedade-e-o-stress","status":"publish","type":"product","link":"https:\/\/mentara.eu\/es\/formacao\/regulacao-emocional-trabalhar-a-ansiedade-e-o-stress\/","title":{"rendered":"Regulaci\u00f3n emocional: Trabajando la ansiedad y el estr\u00e9s."},"content":{"rendered":"<div class=\"Aovyg\" data-container=\"1574644509\" data-fieldid=\"90911391\" data-supportembedding=\"true\">\n<div class=\"o5ddgd\">\n<div class=\"roun9\">\n<div id=\"c188\" class=\"rPU8He\" data-chart=\"1574644509\" data-fieldid=\"90911391\">\n<div class=\"PlcjTc\">\n<div class=\"NC79P\">Este curso es una respuesta a las m\u00faltiples solicitudes que he recibido respecto a la aplicaci\u00f3n pr\u00e1ctica de la Psicoterapia Som\u00e1tica, tanto en el desarrollo personal como en consultas individuales y grupales, ya sean presenciales o virtuales.<\/div>\n<\/div>\n<\/div>\n<\/div>\n<\/div>\n<\/div>","protected":false},"excerpt":{"rendered":"<p>Este curso es una respuesta a las m\u00faltiples solicitudes que he recibido respecto a la aplicaci\u00f3n pr\u00e1ctica de la Psicoterapia Som\u00e1tica, tanto en el desarrollo personal como en consultas individuales y grupales, ya sean presenciales o virtuales.<\/p>","protected":false},"featured_media":20074,"comment_status":"open","ping_status":"closed","template":"","meta":{"_acf_changed":false},"product_brand":[],"product_cat":[187],"product_tag":[],"class_list":{"0":"post-18557","1":"product","2":"type-product","3":"status-publish","4":"has-post-thumbnail","6":"product_cat-ccd-cursos-de-curta-duracao","8":"first","9":"instock","10":"sale","11":"shipping-taxable","12":"purchasable","13":"product-type-simple"},"acf":[],"_links":{"self":[{"href":"https:\/\/mentara.eu\/es\/wp-json\/wp\/v2\/product\/18557","targetHints":{"allow":["GET"]}}],"collection":[{"href":"https:\/\/mentara.eu\/es\/wp-json\/wp\/v2\/product"}],"about":[{"href":"https:\/\/mentara.eu\/es\/wp-json\/wp\/v2\/types\/product"}],"replies":[{"embeddable":true,"href":"https:\/\/mentara.eu\/es\/wp-json\/wp\/v2\/comments?post=18557"}],"version-history":[{"count":1,"href":"https:\/\/mentara.eu\/es\/wp-json\/wp\/v2\/product\/18557\/revisions"}],"predecessor-version":[{"id":20075,"href":"https:\/\/mentara.eu\/es\/wp-json\/wp\/v2\/product\/18557\/revisions\/20075"}],"wp:featuredmedia":[{"embeddable":true,"href":"https:\/\/mentara.eu\/es\/wp-json\/wp\/v2\/media\/20074"}],"wp:attachment":[{"href":"https:\/\/mentara.eu\/es\/wp-json\/wp\/v2\/media?parent=18557"}],"wp:term":[{"taxonomy":"product_brand","embeddable":true,"href":"https:\/\/mentara.eu\/es\/wp-json\/wp\/v2\/product_brand?post=18557"},{"taxonomy":"product_cat","embeddable":true,"href":"https:\/\/mentara.eu\/es\/wp-json\/wp\/v2\/product_cat?post=18557"},{"taxonomy":"product_tag","embeddable":true,"href":"https:\/\/mentara.eu\/es\/wp-json\/wp\/v2\/product_tag?post=18557"}],"curies":[{"name":"gracias","href":"https:\/\/api.w.org\/{rel}","templated":true}]}}

Regulación emocional: Trabajando la ansiedad y el estrés.

<div class="Aovyg" data-container="1574644509" data-fieldid="90911391" data-supportembedding="true">
<div class="o5ddgd">
<div class="roun9">
<div id="c188" class="rPU8He" data-chart="1574644509" data-fieldid="90911391">
<div class="PlcjTc">
<div class="NC79P">Este curso es una respuesta a las múltiples solicitudes que he recibido respecto a la aplicación práctica de la Psicoterapia Somática, tanto en el desarrollo personal como en consultas individuales y grupales, ya sean presenciales o virtuales.</div>
</div>
</div>
</div>
</div>
</div>

<p>Este curso es una respuesta a las múltiples solicitudes que he recibido respecto a la aplicación práctica de la Psicoterapia Somática, tanto en el desarrollo personal como en consultas individuales y grupales, ya sean presenciales o virtuales.</p>
